
Let a(q) = -5*q**2 - 5*q - 1. Suppose -z + 3*y = -5*z + 32, -5*z - 5*y = -45. Let v(w) = -w + 6*w**2 + 5*w + w. Let c(k) = z*a(k) + 4*v(k). Determine c(-5).
-5
Let q(r) = 6*r**2 + 4*r - 3. Let j(z) = z**3 - 6*z**2 + 2*z + 25. Let v be j(4). Calculate q(v).
7
Suppose -5*o = -5, 3*o = -4*d + 2*o + 13. Let z(l) be the third derivative of l**5/60 - l**4/8 - 4*l**2 - 3*l. What is z(d)?
0
Let n = -12 - -5. Let q(c) be the second derivative of c**5/20 + 2*c**4/3 + 7*c**3/6 - 4*c**2 + 376*c. Give q(n).
-8
Let d = -3 + 4. Let r(g) be the second derivative of 7*g**4/12 - g**2/2 + 2*g + 47. Give r(d).
6
Suppose 4*t = -7 + 67. Suppose -3*i + t = 2*i. Let h(q) = 7*q**3 + q**2 + 8 - 14*q**i + 6*q**3. What is h(0)?
8
Let a(u) = -3*u + 5. Let l be (-5)/3*(-1 + -2). Suppose 1 = l*j - 29. Determine a(j).
-13
Let n(r) = -r + 5. Let h = 773 - 769. Calculate n(h).
1
Let b(g) = -107*g - 112. Let l be b(-1). Let i(z) = -3*z**2 - 18*z - 17. Give i(l).
-2
Let q(n) = -n**2 - 9*n - 2. Let w = -445 - -437. Determine q(w).
6
Let m(p) = 6 - 10*p**2 + 17*p**2 - 8*p**2 - 3*p. Suppose -63 = -4*d - 23. Suppose 17 = -3*y - 2*c, 3*y - d = 4*y + 5*c. What is m(y)?
-4
Let v be (-590)/(-22) + 2/11. Let k be (v/(-18))/(3/(-10)). Let z(r) = -9*r - 1 - 2*r + 3*r - k*r. What is z(-1)?
12
Let k be (-3 + 3 + 0)*(-3)/6. Let r(n) = -n**2 + 2*n**2 - 8 - 3*n + 3*n - n**3. Determine r(k).
-8
Let a(o) be the first derivative of 7*o**2/2 + o + 94. Give a(-4).
-27
Let s(k) = -1. Let u(o) = -3*o**3 - o**2 + 3*o + 2. Let x(t) = -4*s(t) - u(t). What is x(2)?
24
Let w(x) = -x**2 + 12*x + 4. Suppose -2*f + 4 = 4*c, f + 5*c - 2 = -3. Suppose -3*g + 19 = 2*n - f*g, -3*n = -2*g - 26. Calculate w(n).
4
Suppose 0 = -4*x - 224 + 184. Let d(b) = b**3 + 11*b**2 + 10*b + 8. Determine d(x).
8
Let g(w) be the third derivative of -w**4/2 + w**3/6 + 70*w**2 + 1. Calculate g(2).
-23
Suppose -15 = -b - 4*k - k, -b + 6 = 2*k. Let s(v) be the third derivative of 1/2*v**3 - 1/4*v**4 + 4*v**2 - 1/12*v**5 + b*v + 0 + 1/120*v**6. Give s(6).
3
Let j(q) = q - 4. Let w(t) = -t + 11. Let d(b) = 11*j(b) + 4*w(b). Give d(3).
21
Let d(j) = 0*j**2 + 0*j**2 + j**2. Let x be (-3 + (-10)/(-4))*-10. Suppose g - 2 = 4*a + 1, -4*a - 9 = x*g. Determine d(a).
1
Let n(v) = -2*v + 3. Suppose -32 = -3*m - 86. Let a be (-1)/(-2) + (-207)/m. Suppose 2*c - a = -c. What is n(c)?
-5
Let f(l) = -287 + 3*l + 2*l**2 + 286 - 3*l**2. What is f(6)?
-19
Let h(m) = m**3 + 8*m**2 + 7*m - 5. Let p(i) = -i - 7. Let o be p(-19). Let j = -19 + o. Determine h(j).
-5
Let o(b) = b + 8. Let z = 41 - 38. Suppose -2*c + 26 = -5*w, 2*w - 3*w = -z*c. Give o(w).
2
Let q(r) = r**2 - 6*r + 5. Let f = 5 - 17. Let j be (f/3)/2 - 3. Let d be (0 - j/(-4))*-4. What is q(d)?
0
Let x(d) = 20*d - 47. Let a be x(2). Let q be (-4 - -3)*(1 - 3). Let o(y) = -7*y - 4 - q + y**2 - 2*y**2. What is o(a)?
-6
Let t(v) = -2*v. Let k(n) = n - 1. Let g(f) = 2*k(f) - t(f). Give g(0).
-2
Let a(b) = -4*b + 9. Let p be a(4). Let w(h) = h**3 + 7*h**2 - 2*h + 7. Calculate w(p).
21
Let i(o) = -11*o + 6*o - 4*o + 7 + 8*o. Determine i(-11).
18
Let w(t) = -7*t - 2. Let y be -6 + 1*(0 + 3 + 2). What is w(y)?
5
Let r(f) be the first derivative of -f**4/4 - f**2/2 - 2*f - 3. Suppose -x = 3*x. Let n be r(x). Let p(m) = m**3 - m**2 - 1. What is p(n)?
-13
Let t(v) be the second derivative of v**7/840 + 7*v**6/360 - v**5/120 - 5*v**4/24 - 10*v**3/3 - 13*v. Let u(r) be the second derivative of t(r). What is u(-7)?
2
Let n(d) = -13*d - 2. Suppose -1 = g + 2*s + 2, g + 4*s + 3 = 0. What is n(g)?
37
Let x(u) = 4*u - 7. Let g be (-1)/3 + (-42)/(-18). Let j(a) = 9*a - 14. Let h(k) = -2*k + 5. Let l be h(5). Let p(r) = g*j(r) + l*x(r). Calculate p(7).
-7
Let r(f) = -f**2 + 6*f - 1. Let y be (-12)/(1/(18/(-1))). Let t = 328 - y. Let v be t/18 - (-8)/(-36). Calculate r(v).
-1
Let i be 1*(-16)/6*3/(-2). Let c(y) = -4*y + 5*y - 2*y**3 + 3*y**3 - 4*y**2. Give c(i).
4
Suppose 0 = -13*f + 21*f + 8. Let p(o) = -2*o**2 - o - 1. Calculate p(f).
-2
Let o = -35 + 45. Let r(i) = -2*i + 33*i + 1 - o*i. Calculate r(-1).
-20
Let z(g) = -4*g - 2 - 2 + 3*g. Let j(s) = 3*s**3 - 356*s**2 - 483*s + 352. Let a be j(120). Give z(a).
4
Let l(r) be the second derivative of -r**6/180 - r**5/120 - 5*r**4/3 + 22*r. Let d(v) be the third derivative of l(v). What is d(-2)?
7
Let y = -306 - -312. Let p(u) = u**3 - 5*u**2 - 5*u + 3. Give p(y).
9
Let x(y) = -y**2 - 5*y + 4. Let w be 3/(15/6 - 3). Let t be x(w). Let h(m) be the third derivative of m**5/20 + m**4/24 + m**3/3 + 2*m**2. Calculate h(t).
12
Let z(x) = -x**3 - 6*x**2 - 5*x. Suppose 0 = -v + 4 + 1. Let d be 12/(-15) + (-21)/v. Calculate z(d).
0
Let w(o) = 39*o - 15. Let g(k) = 23*k - 7. Let b(c) = 7*g(c) - 4*w(c). Calculate b(-4).
-9
Let i be 4/(3/(6/(-4))). Let b be (4/i)/(8/12). Let x(r) = -15*r - r**2 + 12*r + r. What is x(b)?
-3
Let b(w) = -w**3 - w**2 + w - 20. Let k(o) = 39*o + 429. Let a be k(-11). What is b(a)?
-20
Suppose -5*x - 18 = p, 0*x + 2*x + 6 = 0. Let r(f) = 4*f - 1. Calculate r(p).
-13
Let u(b) = 62 + 60 - 174 + 56 - 4*b. Give u(7).
-24
Let k(z) = -2*z**2 + 1. Suppose 5*s + 3*p = 12, -s + 5*p + 3 = -5. Suppose 4*d + s = d. Determine k(d).
-1
Let v(u) = -u**2 - 2*u + 2. Let h(d) = 14 + 17 + d - 14 - 6*d. Let w be h(3). Give v(w).
-6
Let c(h) = h**3 + 3*h**2 - 4*h + 4. Let a(m) be the first derivative of -m**4/4 - 7*m**3/3 - 2*m**2 + 8*m - 8. Let f be a(-6). Calculate c(f).
4
Let y(g) = -g**2 - 10*g + 3. Suppose 7*f = 101 - 143. What is y(f)?
27
Let s be (3 + 3)*1/2. Suppose 4*n = 1 + s. Let d be 7 + (-1 - 1/n). Let p(r) = -r + 5. Calculate p(d).
0
Let k(r) = -r + 6. Let b = 367 + -375. Give k(b).
14
Let i(q) = q**2 - 4*q. Let k(a) = -a**3 + 12*a**2 - 13*a - 2. Let f(v) = 5*i(v) - k(v). Let r = -10 - -18. Determine f(r).
10
Let s(n) be the second derivative of -n**3/6 - 3*n**2/2 - 4*n + 12. Let h be 0 + 1 + -8 + 2. Give s(h).
2
Suppose -2*y + 0*y + 6 = 0. Let j(f) be the first derivative of -1/3*f**3 + 1/2*f**2 + 0*f + 6. Give j(y).
-6
Let z(y) be the first derivative of y**2 + 18*y - 532. What is z(-5)?
8
Let g(m) be the second derivative of m**6/120 - m**5/15 - m**4/24 + m**3/3 - 3*m**2 - 3*m. Let d(s) be the first derivative of g(s). Determine d(3).
-10
Let l = 819 + -817. Let w(g) be the second derivative of -g**4/12 + g**3/6 - g**2/2 + 2*g. Give w(l).
-3
Let u(b) = -4*b**2 - 2776 - 4*b + 2776 - b**3. What is u(-3)?
3
Let f(g) = 13*g**3 - 14*g - 19. Let j(u) = -15*u**3 + u**2 + 15*u + 23. Let x(t) = 8*f(t) + 7*j(t). Let y = 16 - 10. Determine x(y).
3
Let y(p) be the first derivative of p**2 + 3*p + 16. Let g = -10 + 7. Calculate y(g).
-3
Suppose 0 = -3*s + 58 - 55. Let m(t) be the second derivative of -5*t**3/6 + t**2/2 + 3*t. What is m(s)?
-4
Let z be (-436)/(-22) - (-24)/132. Let a(w) = -w**2 + 21*w - 16. Calculate a(z).
4
Let u(q) = 6*q - 3*q**2 + 2*q**2 + 2*q**2 - 4 + 2. Calculate u(-4).
-10
Let w(l) = 24*l + 158. Let b(v) = -5*v - 32. Let r(q) = -11*b(q) - 2*w(q). What is r(-6)?
-6
Suppose -5*l = 2*q + 32, 2*q - 12*l = -13*l - 16. Let h(n) = 9*n + 15. Let y(w) = 3*w + 5. Let g(u) = -2*h(u) + 7*y(u). What is g(q)?
-13
Let m(v) = -3*v + 29. Let j = 1839 - 1830. Give m(j).
2
Let n(y) = 7*y**2 - 8*y + 2. Let q(f) = 9*f**2 - 9*f + 2. Let d(k) = -5*n(k) + 4*q(k). Calculate d(-5).
3
Let b be (-2)/3 - 2/(-3). Let u(m) = 6*m**2 + m. Let r be u(-1). Let i(l) = r - 7*l - 4 + 6*l. Give i(b).
1
Suppose 2*k = 2*r - k - 33, -2*r - 3*k + 51 = 0. Suppose -r*n + 1 = -20*n. Let q(s) = -7*s. Determine q(n).
-7
Let j(y) = -1. Let l(o) = 2*o + 8. Let a(h) = 6*j(h) + l(h). Determine a(7).
16
Let u(n) = 6*n + 7. Let a be (-2*(-12)/(-32))/(6/(-16)). Suppose 5*j - a*x = -36, -x - 3 = 2*j + 2*x. Determine u(j).
-29
Let c = -409 - -410. Let p(x) = 12*x + 1. Give p(c).
13
Suppose -5*z = -5*v, 3*v - 3*z = -v + 1. Let j(a) = a - 8 + 1 - a**2 + v + 7. Calculate j(2).
-1
Let l(v) = 6*v**3 + 2*v**2 + 13*v. Let m(d) = 3*d**3 + d**2 + 7*d. Let r(z) = -6*l(z) + 11*m(z). Let a be r(-1). Let u(w) = 2 - 2 + a*w. What is u(-3)?
-9
Let z = -8 + 32. Let m be -3*2/4*(-16)/z. Let r(d) = -d + 2. Determine r(m).
1
Let h(o) be the third derivative of -o**5/60 - o**3/3 + 15*o**2. Give h(3).
-11
Let g(k) = -k**2 - 3*k - 2 - 2*k + 6. Suppose -2*j + 597 = 607. Give g(j).
4
Let f(l) = 188*l - 94*l - 88*l - 